578*y + 17. Determine t(-4).
9
Let z(m) = 87*m**2 + 5786*m - 147. Determine z(-67).
2734
Let l(p) = -1141*p**2 - 66*p - 1. Give l(-1).
-1076
Let q(l) = 404*l**2 + 12119*l - 91. Give q(-30).
-61
Let u(s) = -15*s**2 + 242*s + 253. Give u(-1).
-4
Let y(s) = 408*s - 3137. What is y(8)?
127
Let g(u) = -6*u**2 - 88*u + 2551. Give g(15).
-119
Let m(r) = -53307*r - 426454. Calculate m(-8).
2
Let i(o) = 292*o + 22229. Give i(-76).
37
Let h(s) = 18934*s - 227139. Determine h(12).
69
Let m(h) = -h**3 - 107*h**2 + 3677*h - 9421. Calculate m(25).
4
Let n(a) = 114168*a - 3767552. Determine n(33).
-8
Let k(y) = 6*y**3 + y**2 - 2199*y - 4391. Give k(-2).
-37
Let b(t) = t**2 + 8384*t + 770990. Calculate b(-93).
-73
Let p(y) = -y**3 + 11*y**2 + 203*y - 1593. Give p(8).
223
Let j(z) = 12*z**2 - 32*z - 434. What is j(-7)?
378
Let z(d) = 51*d**2 - 1638*d + 271. Give z(32).
79
Let k(y) = -2*y**2 + 287*y + 288. Determine k(145).
-147
Let s(b) = 26*b**3 + 30*b**2 + 221*b + 210. What is s(-1)?
-7
Let n(u) = 276069*u + 276088. Give n(-1).
19
Let f(m) = 50676*m - 10. Calculate f(0).
-10
Let c(p) = -p**3 - 21*p**2 - 53*p - 953. Determine c(-18).
-971
Let x(n) = -35558*n + 1884582. Determine x(53).
8
Let s(f) = -124*f + 557. What is s(-5)?
1177
Let x(o) = -62*o - 1031. Give x(8).
-1527
Let i(n) = 2*n**2 + 572*n - 25895. Determine i(43).
2399
Let j(d) = 8604*d + 6590647. What is j(-766)?
-17
Let g(k) = -19*k**3 + 162*k**2 + 800*k + 18. Calculate g(-5).
2443
Let u(k) = 1824*k + 1926. Give u(-2).
-1722
Let g(j) = j**2 - 1383*j - 25211. Give g(-18).
7
Let y(i) = 3*i**3 + 73*i**2 - 52*i - 1925. What is y(-24)?
-101
Let z(w) = -873*w + 515689. Determine z(591).
-254
Let y(r) = 18974*r - 56735. Give y(3).
187
Let p(o) = -176*o**2 + 13557*o - 329. Calculate p(77).
56
Let p(b) = b**3 - 133*b**2 + 1042*b - 4. Determine p(9).
-670
Let d(x) = x**3 - 77*x**2 - 242*x + 13046. Give d(78).
254
Let v(a) = -3*a**2 + 619*a + 67661. Determine v(-79).
37
Let p(m) = -m**3 - 95*m**2 - 876*m - 260. Calculate p(-10).
0
Let r(w) = -8*w**2 + 163*w - 455. Determine r(17).
4
Let k(d) = 4427*d + 305330. What is k(-69)?
-133
Let i(g) = -g**3 - 34*g**2 - 211*g - 1204. What is i(-28)?
0
Let y(w) = w**3 - 183*w**2 - 29*w - 63228. Calculate y(185).
-143
Let w(i) = -i**3 - 36*i**2 + 250*i - 7. Calculate w(5).
218
Let g(t) = t**2 + 672968*t + 1. What is g(0)?
1
Let v(h) = -15021*h + 420589. Determine v(28).
1
Let g(j) = 177711*j - 533117. Give g(3).
16
Let s(h) = h**3 + 10*h**2 - 422*h + 143. Calculate s(16).
47
Let s(i) = -42204*i + 35577983. Determine s(843).
11
Let d(w) = 20273*w + 709549. Determine d(-35).
-6
Let s(i) = -23166*i + 277976. Determine s(12).
-16
Let u(c) = 3*c**2 + 684*c + 1951. Give u(-220).
-3329
Let n(i) = i**3 + 11*i**2 - 281*i - 2. Give n(13).
401
Let s(u) = -u**3 + 17*u**2 - 111*u + 1344. Determine s(16).
-176
Let h(g) = g**3 + 2*g**2 + 1183*g + 35683. Give h(-22).
-23
Let v(d) = -d**3 - 221*d**2 - 25*d - 5522. What is v(-221)?
3
Let r(h) = -2*h**2 - 4414*h + 17692. What is r(4)?
4
Let v(z) = -767*z - 9074. Calculate v(-12).
130
Let r(i) = 21*i**2 - 13803*i - 265660. Calculate r(676).
8
Let l(x) = -199*x + 7777. Give l(25).
2802
Let p(g) = 494*g + 43560. Calculate p(-88).
88
Let q(b) = 655*b + 119848. Give q(-183).
-17
Let v(t) = -3875*t + 1368. What is v(1)?
-2507
Let y(j) = j**3 - 322*j**2 - 5055*j - 128. What is y(337)?
-128
Let t(u) = -11*u**3 + 151*u**2 + 4*u - 44. Calculate t(14).
-576
Let z(b) = -b**3 + 74*b**2 + 241*b - 798. Determine z(77).
-28
Let o(m) = -m**2 - 1977*m + 611724. What is o(272)?
-4
Let k(q) = 123*q + 105. Calculate k(-4).
-387
Let n(r) = 70*r**2 + 1488*r + 1768. Give n(-20).
8
Let a(h) = -2621866*h + 13109334. Determine a(5).
4
Let d(m) = -m**2 - 51163*m + 2458116. Calculate d(48).
-12
Let d(c) = c**2 + 40*c - 10555. Give d(-125).
70
Let y(g) = -15757*g + 204911. Determine y(13).
70
Let t(h) = 25*h**2 + 2209*h + 895. What is t(-88)?
103
Let j(l) = -3*l**2 - 419*l - 1124. Calculate j(-137).
-28
Let i(c) = -20*c**3 - 2577*c**2 + 389*c + 279. Give i(-129).
21
Let g(d) = -9*d**2 + 1541*d - 9239. Give g(165).
1
Let g(d) = -4*d**2 - 120*d - 579. What is g(-5)?
-79
Let u(k) = -13*k**2 - 1183*k - 1175. Give u(-90).
-5
Let f(s) = 85*s**2 + 258*s + 142. Calculate f(-2).
-34
Let h(d) = 2511*d - 117994. Calculate h(47).
23
Let s(y) = y**2 - 32110*y - 546157. Calculate s(-17).
2
Let m(y) = 3106*y - 24647. Give m(8).
201
Let s(u) = -6*u**3 + 10503*u**2 - 10510*u + 7. What is s(1)?
-6
Let p(x) = x**3 + 96*x**2 - 134*x - 3463. Determine p(-97).
126
Let v(m) = m**3 - 2*m**2 + 1140*m - 3429. Calculate v(3).
0
Let h(s) = -678*s - 5117. Give h(-8).
307
Let f(r) = -7197*r - 79209. Give f(-11).
-42
Let t(g) = 10*g**3 + 247*g**2 + 183*g + 285. Give t(-24).
-75
Let z(s) = -2*s**3 + 25*s**2 + 37*s - 224. Calculate z(17).
-2196
Let h(d) = 54553*d - 818295. Determine h(15).
0
Let m(u) = u**2 + 623*u + 61881. What is m(-124)?
5
Let r(y) = 5*y**3 + 16*y**2 - 13*y - 194. Give r(-6).
-620
Let f(m) = -m**3 - 118*m**2 + 626*m - 290. What is f(-123)?
-1643
Let b(u) = 6*u**3 + 11*u**2 - 59*u - 61. Give b(-1).
3
Let w(c) = 10*c**2 - 536*c + 5505. Determine w(12).
513
Let o(q) = -7058432*q - 56467451. Determine o(-8).
5
Let u(f) = -3895*f + 12111. Calculate u(3).
426
Let n(t) = 3*t**2 + 1187*t + 5911. Calculate n(-5).
51
Let l(j) = 3*j**2 - 440*j - 6836. Give l(-14).
-88
Let o(l) = l**2 + 173*l + 386. Determine o(-188).
3206
Let u(y) = 185*y - 9133. Calculate u(55).
1042
Let l(y) = 2*y**3 + 4*y**2 - 4042*y - 12112. Determine l(-3).
-4
Let g(u) = 1089*u - 238492. Determine g(219).
-1
Let f(x) = 27932*x + 1787643. Determine f(-64).
-5
Let i(p) = -48550*p - 291291. Determine i(-6).
9
Let i(w) = -27*w**2 + 1050*w + 8882. Determine i(46).
50
Let s(a) = -4*a**3 - 26*a**2 + 92*a + 342. What is s(-8)?
-10
Let p(d) = -d**2 - 34*d + 279. Calculate p(-59).
-1196
Let b(g) = 19*g**3 + 7*g**2 - 31*g - 67. Calculate b(-2).
-129
Let n(k) = 5678*k - 806205. What is n(142)?
71
Let d(j) = -2*j**2 + 428*j + 9361. Determine d(234).
1
Let c(n) = n**3 - 77*n**2 - 4130*n + 313780. What is c(79)?
-8
Let x(k) = 1804666*k + 28874662. Calculate x(-16).
6
Let r(h) = h**3 + 41*h**2 + 21*h - 2600. Determine r(-39).
-377
Let a(q) = 2*q**2 + 5298*q + 2513125. Give a(-619).
-15
Let c(i) = 3653*i + 40198. Determine c(-11).
15
Let a(y) = 4*y**3 + 1350*y**2 + 2021*y + 1689. Calculate a(-336).
9
Let q(r) = r**2 - 142*r - 2607. Calculate q(-18).
273
Let l(n) = n**3 - 1170*n**2 + 326097*n - 708. Calculate l(712).
4
Let r(n) = 160*n**2 + 69276*n - 1362. Give r(-433).
370
Let d(a) = -2*a**3 - 19*a**2 + 630*a + 10043. Give d(-16).
3291
Let i(p) = p**3 + 352*p**2 + 27718*p - 2087. Give i(-233).
10
Let x(s) = s**3 - 21*s**2 - 295*s - 264. Calculate x(-9).
-39
Let p(x) = -2*x**2 + 14371*x + 215934. What is p(-15)?
-81
Let o(x) = -17*x**3 - 58*x**2 - 17*x + 72. Determine o(4).
-2012
Let u(o) = 3*o**2 + 1650*o - 10042. What is u(6)?
-34
Let m(b) = -2*b**2 - 161*b + 40212. Determine m(112).
-2908
Let s(l) = -9278*l - 1428762. Give s(-154).
50
Let h(t) = t**2 + 847*t + 120075. Give h(-180).
15
Let h(s) = -s**3 - 118*s**2 + 2450*s - 107. What is h(18)?
-71
Let p(h) = -3447*h + 768705. Give p(223).
24
Let h(j) = -j**3 - 39*j**2 - 273*j - 12. What is h(-9)?
15
Let d(v) = 355*v**2 - 76028*v + 87960. Give d(213).
-9
Let f(q) = 2*q**3 + 143*q - 42. What is f(0)?
-42
Let h(w) = -25259*w - 1995458. Give h(-79).
3
Let o(x) = -46*x**2 + 1443*x - 1896. What is o(30)?
-6
Let p(u) = u**3 + 121*u**2 + 573*u - 599. Calculate p(-116).
213
Let h(r) = -1379*r + 12487. What is h(10)?
-1303
Let z(i) = i**2 + 374*i + 19. What is z(0)?
19
Let u(g) = -g**3 + 103*g**2 - 1038*g + 95502. Calculate u(102).
30
Let j(t) = -2*t**3 + 57*t**2 + 4684*t - 135014. Give j(29).
-19
Let z(y) = y**2 + 497*y + 59810. What is z(-294)?
128
Let j(q) = 382821*q + 1914099. Determine j(-5).
-6
Let n(k) = 3*k**2 - 14052*k - 126690. Calculate n(-9).
21
Let m(g) = -4*g**3 + 42*g**2 - 51*g + 786. Calculate m(11).
-17
Let l(x) = -1961*x**2 - 156885*x - 391. What is l(-80)?
9
Let a(s) = -22*s**3 - 2*s**2 + 52*s + 204. Give a(-4).
1372
Let s(c) = 3*c**3 + 92*c**2 + 30*c - 368. Give s(-30).
532
Let d(b) = -549*b + 149318. Give d(272).
-10
Let m(t) = -t**3 + 136*t**2 - 222*t - 23540. What is m